 -w - j*x + 802. What is the tens digit of w?
0
Suppose 13*t = -t + 14. Let d be -40 - 1 - 1*(-2 + t). What is the units digit of (18/(-15))/(6/d)?
8
Let t = 88 - 24. Suppose -42 = -f - 4*y, -3*y = 2*f - 5*y - t. What is the units digit of f?
4
Let s be ((-14)/5 - -3)*15 - 0. Let u be (-3 - -3)/(2*-1). Suppose -q + s*m - 5 = u, 2*q - 4 = 4*q - 3*m. What is the units digit of q?
1
Let j(o) = -2 - 6*o**2 + 0*o - 636*o**3 - 7*o + 637*o**3. Let k be j(7). What is the tens digit of -2 + 6/(-9)*39/k?
1
Let a be 6/(-21) + (402/7)/(-2). Let p = a - -30. Let s(x) = 36*x - 4. What is the tens digit of s(p)?
3
Let v = 1080 + -888. Let t(z) = 13*z**2 + 2*z - 2. Let h be t(-2). Suppose 2*b - v = -4*p, -4*b + 9 = p - h. What is the units digit of p?
7
Suppose 0 = -26*u + 182872 + 435876. What is the thousands digit of u?
3
Suppose -12*p + 2*s + 10 = -9*p, -25 = 4*p + 5*s. Suppose p = 17*i + 37*i - 1998. What is the units digit of i?
7
Let z(r) = -3*r + 23. Let i be z(0). Suppose -3*c = -i + 17. Suppose 4*o + 5*p - 17 = o, -2*o + 14 = c*p. What is the units digit of o?
9
Let o = 13641 + -6344. What is the hundreds digit of o?
2
Suppose 3*s + 231 = 6*s. Let y = -123 + s. Let f = y - -60. What is the units digit of f?
4
What is the thousands digit of 21750464/408 + (-54)/(-1377)?
3
Let o(r) = -20 - 13*r**2 - r**3 - 14 + 13 - 23*r. Let j be o(-11). Let k = 57 + j. What is the units digit of k?
7
Let a(c) = 10*c**2 - c - 9. Let s be (-616)/(-18) + (1 - (-22)/(-18)). Let y = s - 38. What is the tens digit of a(y)?
5
Suppose 1 + 17 = -3*i, 0 = -m - i + 40404. What is the tens digit of m?
1
Let k be (7 - 2)*-2*6/(-5). Suppose 4*y = 8*y - k. Suppose 5*m + 3*p - 209 = m, -3*p - 183 = -y*m. What is the tens digit of m?
5
Let r(l) = 17*l**2 + 10*l + 73. Let y(a) = 6*a**2 + 3*a + 25. Let n(g) = 3*r(g) - 8*y(g). What is the tens digit of n(-12)?
7
Let s(n) = n**2 + n + 22. Let a be s(18). Suppose 504 = -4*k - 2*y, 3*k - 3*y + a = -y. Let d = k - -235. What is the hundreds digit of d?
1
Suppose -137*b - 1418796 = -262*b - 172171. What is the thousands digit of b?
9
Let s = 385 + -385. Let d(o) be the first derivative of 7*o**2/2 + 156*o - 2. What is the units digit of d(s)?
6
Suppose -40802 = -6*y - 2*h, -15*h + 18*h = 4*y - 27223. What is the thousands digit of y?
6
What is the units digit of (-3396)/18*(-2592)/64 - (-1 - 3)?
5
Let s(z) = -36459*z**3 - z**2 - 20*z - 18. What is the ten thousands digit of s(-1)?
3
Let g be ((-4)/42 + (-218)/(-84))*-38. What is the units digit of (-130872)/g + (-8)/(-20)?
8
Suppose -4*r + 4625 = 5*n, -2*r + 13*n - 12*n + 2295 = 0. Suppose -d - 8*p + 12*p + 362 = 0, 4*p = -3*d + r. What is the hundreds digit of d?
3
Let j = -504 - -492. Let g(b) = -107*b - 341. What is the hundreds digit of g(j)?
9
Let q(a) = 13*a**3 + 17*a**2 - 50*a - 6. What is the hundreds digit of q(6)?
1
Suppose -d = 3*m - 84, 5*d - 4*d = -m + 82. Suppose 0 = -d*q + 75*q + 3282. What is the hundreds digit of q?
5
Suppose -43*z = -45*z + 6. Suppose -6*m + 2235 = -m - z*v, -v - 894 = -2*m. What is the units digit of m?
7
Let j(v) = -4*v - 15. Let p be j(-4). Let u(o) = 81*o - p - 11*o + 42*o + 4. What is the tens digit of u(1)?
1
Suppose 0 = -11*g + 15*g - 4. Let h(j) = 464*j. What is the tens digit of h(g)?
6
Let w be (6 - 24)/(-3)*8/6. Suppose 0 = -w*q + 6*q - 130. Let s = q - -154. What is the units digit of s?
9
Let l be 27/(-189) - (-13149)/21. Suppose -l - 1819 = -5*d - n, -5*n = 3*d - 1489. What is the units digit of d?
8
Suppose 31912 = 5*v + f, -21 = -4*f - 33. What is the units digit of v?
3
Suppose 2 - 2 = 6*p. Suppose -x + 3 = 2*y, x - 7 = -p*y - 3*y. What is the hundreds digit of 100/x*(-50)/8?
1
Let j(x) = x**3 + 22*x**2 + 43*x + 65. Let v be j(-20). Suppose -4*m + 288 = -476. Suppose 4*o + v*b = 377, -o + 3*b = -3*o + m. What is the units digit of o?
8
Let k(h) = -2*h + 4*h**2 - h**3 + 13 - 15 + 0*h**2. Let f be k(2). Suppose -1 = 3*v + f, -4*v = -5*a + 169. What is the tens digit of a?
3
Suppose 62*x + 66 = 59*x. Let w = 440 + x. What is the units digit of w?
8
Let q(j) = 2*j**2 - 45*j - 397. Let a(v) = v**2 - 23*v - 198. Let l(c) = 5*a(c) - 3*q(c). What is the hundreds digit of l(15)?
2
What is the hundreds digit of 18 + -12 - (-5052 - (-4 + 2))?
0
Suppose -31 = 19*l - 15*l - 3*u, -1 = 4*l + 3*u. What is the hundreds digit of ((-68202)/(-48) - -4) + l/(-32)?
4
Suppose -79*g + 33629 = 5*q - 81*g, -8 = -g. What is the tens digit of q?
2
Let n(l) = -l**2 + 26*l - 97. Let x be n(21). What is the tens digit of ((-740)/x)/(4/(-40))?
2
Suppose 4*n + n + 766 = q, 2*n - 2383 = -3*q. Suppose 5*o = -2*g + 979, 4*o - q + 15 = -4*g. What is the hundreds digit of o?
1
What is the hundreds digit of (1022/8)/(57/(-38) + 93/60)?
5
Let l be -1*1/((-5)/6330). Let k(v) = -v**2 - 12*v + 1. Let i be k(-9). What is the tens digit of 21/i - l/8*-1?
5
Let c(m) be the second derivative of 12*m + 13/6*m**3 - 3/2*m**2 + 0. What is the tens digit of c(4)?
4
What is the units digit of ((-4968)/(-45))/(51/3910)?
4
What is the hundreds digit of 1710/(-2565)*145701/(-2)?
5
Suppose -2*v + 4*v = -8*w + 37820, -5*w + v = -23624. What is the units digit of w?
6
Suppose -23*o = 4*d - 18*o - 2852, 0 = d + o - 713. Let f = d - 545. What is the units digit of f?
8
Suppose 0 = -11*n + 5543 + 419. Let c = -241 + n. What is the tens digit of c?
0
Suppose -7*l + 5*j + 9 = -4*l, 2*j = -2*l + 6. Suppose l*f - 20*f = -18054. What is the hundreds digit of f?
0
Let f = 3790 - 1076. Suppose -5*z = 3*y + 1560 - 8339, -2*y + f = 2*z. What is the tens digit of z?
5
What is the tens digit of -1959*(-1386)/270 + (-12)/(-15)?
5
Suppose -751 - 23430 - 6421 = -2*g. What is the units digit of g?
1
Let u(y) = -381*y + 7. Let b be 8 + -4 + -3 + -3. What is the units digit of u(b)?
9
Suppose 4*d = 8, 51*p + 5*d - 67950 = 46*p. What is the units digit of p?
8
Let q(c) = 197*c**2 + 21*c - 13. Let g(v) = 99*v**2 + 11*v - 6. Let l(s) = -7*g(s) + 4*q(s). Let d be l(2). Suppose 2*h - 5*h = -d. What is the tens digit of h?
2
Let a(n) = -2324*n + 6236. What is the ten thousands digit of a(-7)?
2
Suppose 0*u + 0*u - 7*u + 56805 = 0. What is the hundreds digit of u?
1
Let q = -33680 - -88384. What is the ten thousands digit of q?
5
Let x(s) = 2*s**2 - 30*s + 28. Let d be x(14). Suppose -4*q + 5*w + 1075 = d, 0*q - 4*q + w = -1095. What is the units digit of q?
5
Suppose 257*w - 2272 = 256*w - 5*r, -5*r - 2202 = -w. What is the units digit of w?
7
Let p(l) be the first derivative of l**4/3 + l**3/2 - 4*l**2 - 9. Let x(o) be the second derivative of p(o). What is the tens digit of x(4)?
3
Let j be 6/(-45) - (-2)/15. Suppose -5*y - 2*y + 14 = j. Suppose 0 = 2*n - y*s - 140, -n + 65 = 7*s - 3*s. What is the tens digit of n?
6
Let u = 37434 + -11012. What is the hundreds digit of u?
4
Suppose 10*b = 3769 + 5471. Suppose -8*f + 188 = -b. What is the units digit of f?
9
Let q be (-7)/14 - (-327)/6. What is the units digit of 34/(0 - (-3)/q)?
2
Let j(s) be the first derivative of -4*s**2 - 33*s + 19. Let t be j(-5). Suppose -t*l = -22 - 41. What is the units digit of l?
9
Suppose 508488 = -74*b + 1453468. What is the thousands digit of b?
2
What is the units digit of (-7)/((-35)/94526) + (-48)/240?
5
Suppose 4*q - 68676 = t, 150*t - 146*t - 34338 = -2*q. What is the hundreds digit of q?
1
Let s(t) = 25*t**2 + 3*t + 12. Suppose -66 = -5*j - 6*j. What is the hundreds digit of s(j)?
9
Let k(y) = 48*y + 7. Let g be (396/(-8))/(-9) + 3/6. Let t be k(g). Let c = -211 + t. What is the tens digit of c?
8
Let b be -1*(5/(-10)*8 - 0). What is the hundreds digit of b/14 + 2122/(-28)*-6?
4
Let i be (-9980)/(-30) + 1/(2 + 1). Let h = -14 + i. What is the tens digit of h?
1
Let o(p) = -p**3 + 2*p**2 + 8*p + 6. Let l(y) = y**3 - 2*y**2 - 8*y - 7. Let d(q) = 6*l(q) + 5*o(q). Let u be d(5). What is the tens digit of -1 + u*3*6/9?
4
Let q = 18 + -97. Let l = 187 - q. What is the units digit of l?
6
Let g(d) = 11*d**3 - 13*d**2 - 26*d + 91. What is the tens digit of g(13)?
2
Suppose 4*f = 57*f - 3088469. What is the thousands digit of f?
8
Let a(b) = -b**2 + 7*b + 2. Let j be (14/4)/(((-3)/2)/(-3)). Let p be a(j). Suppose -112 = k - p*k. What is the hundreds digit of k?
1
Suppose 2*k - 1089 = -4*c + 419, -1508 = -2*k - 5*c. Suppose -15*o + 3221 = 